{"id":2,"date":"2020-06-23T21:50:19","date_gmt":"2020-06-23T19:50:19","guid":{"rendered":"http:\/\/sahrdaya-yoga.com\/?page_id=2"},"modified":"2026-02-21T14:28:45","modified_gmt":"2026-02-21T13:28:45","slug":"sahrdaya-yoga-nice-cours-collectifs","status":"publish","type":"page","link":"https:\/\/sahrdaya-yoga.com\/","title":{"rendered":""},"content":{"rendered":"\n<div class=\"wp-block-cover alignfull\" style=\"min-height:260px\"><span aria-hidden=\"true\" class=\"wp-block-cover__background has-base-background-color has-background-dim\"><\/span><img loading=\"lazy\" decoding=\"async\" width=\"1200\" height=\"900\" class=\"wp-block-cover__image-background wp-image-1404\" alt=\"\" src=\"https:\/\/i0.wp.com\/sahrdaya-yoga.com\/wp-content\/uploads\/2024\/01\/IMG_8922-scaled.jpg?resize=1200%2C900&#038;ssl=1\" data-object-fit=\"cover\" srcset=\"https:\/\/i0.wp.com\/sahrdaya-yoga.com\/wp-content\/uploads\/2024\/01\/IMG_8922-scaled.jpg?w=2560&amp;ssl=1 2560w, https:\/\/i0.wp.com\/sahrdaya-yoga.com\/wp-content\/uploads\/2024\/01\/IMG_8922-scaled.jpg?resize=300%2C225&amp;ssl=1 300w, https:\/\/i0.wp.com\/sahrdaya-yoga.com\/wp-content\/uploads\/2024\/01\/IMG_8922-scaled.jpg?resize=1024%2C768&amp;ssl=1 1024w, https:\/\/i0.wp.com\/sahrdaya-yoga.com\/wp-content\/uploads\/2024\/01\/IMG_8922-scaled.jpg?resize=768%2C576&amp;ssl=1 768w, https:\/\/i0.wp.com\/sahrdaya-yoga.com\/wp-content\/uploads\/2024\/01\/IMG_8922-scaled.jpg?resize=1536%2C1152&amp;ssl=1 1536w, https:\/\/i0.wp.com\/sahrdaya-yoga.com\/wp-content\/uploads\/2024\/01\/IMG_8922-scaled.jpg?resize=2048%2C1536&amp;ssl=1 2048w, https:\/\/i0.wp.com\/sahrdaya-yoga.com\/wp-content\/uploads\/2024\/01\/IMG_8922-scaled.jpg?w=2400&amp;ssl=1 2400w\" sizes=\"(max-width: 1200px) 100vw, 1200px\" data-recalc-dims=\"1\" \/><div class=\"wp-block-cover__inner-container is-layout-constrained wp-block-cover-is-layout-constrained\">\n<p class=\"has-text-align-center has-large-font-size\"><\/p>\n<\/div><\/div>\n\n\n<div class=\"wp-block-image\">\n<figure class=\"aligncenter size-large\"><img loading=\"lazy\" decoding=\"async\" width=\"878\" height=\"1024\" src=\"https:\/\/i0.wp.com\/sahrdaya-yoga.com\/wp-content\/uploads\/2024\/04\/VisuelB.png?resize=878%2C1024&#038;ssl=1\" alt=\"\" class=\"wp-image-1443\" srcset=\"https:\/\/i0.wp.com\/sahrdaya-yoga.com\/wp-content\/uploads\/2024\/04\/VisuelB.png?resize=878%2C1024&amp;ssl=1 878w, https:\/\/i0.wp.com\/sahrdaya-yoga.com\/wp-content\/uploads\/2024\/04\/VisuelB.png?resize=257%2C300&amp;ssl=1 257w, https:\/\/i0.wp.com\/sahrdaya-yoga.com\/wp-content\/uploads\/2024\/04\/VisuelB.png?resize=768%2C896&amp;ssl=1 768w, https:\/\/i0.wp.com\/sahrdaya-yoga.com\/wp-content\/uploads\/2024\/04\/VisuelB.png?resize=1316%2C1536&amp;ssl=1 1316w, https:\/\/i0.wp.com\/sahrdaya-yoga.com\/wp-content\/uploads\/2024\/04\/VisuelB.png?resize=1755%2C2048&amp;ssl=1 1755w, https:\/\/i0.wp.com\/sahrdaya-yoga.com\/wp-content\/uploads\/2024\/04\/VisuelB.png?w=2400&amp;ssl=1 2400w\" sizes=\"(max-width: 878px) 100vw, 878px\" data-recalc-dims=\"1\" \/><\/figure><\/div>\n\n\n<h2 class=\"wp-block-heading has-text-align-center\">D\u00e9couvrez l&rsquo;art du yoga avec Mathilde Penet <\/h2>\n\n\n\n<h2 class=\"wp-block-heading has-text-align-center\"> Chaque semaine : 4 lieux \u00e0 Nice <\/h2>\n\n\n\n<p>    <\/p>\n\n\n\n<p>&nbsp;<\/p>\n\n\n\n<div class=\"wp-block-columns is-layout-flex wp-container-core-columns-layout-2 wp-block-columns-is-layout-flex\">\n<div class=\"wp-block-column is-layout-flow wp-block-column-is-layout-flow\" style=\"flex-basis:100%\">\n<div class=\"wp-block-columns is-layout-flex wp-container-core-columns-layout-1 wp-block-columns-is-layout-flex\">\n<div class=\"wp-block-column is-layout-flow wp-block-column-is-layout-flow\">\n<div class=\"wp-block-buttons is-horizontal is-content-justification-center is-layout-flex wp-container-core-buttons-layout-1 wp-block-buttons-is-layout-flex\">\n<div class=\"wp-block-button has-custom-font-size is-style-fill has-medium-font-size\"><a class=\"wp-block-button__link has-background wp-element-button\" href=\"https:\/\/sahrdaya-yoga.com\/index.php\/mathilde-penet-cours-yoga-nice-liberation-energie-du-souffle\/\" style=\"background-color:#fdb305\">L&rsquo;Energie du Souffle<\/a><\/div>\n<\/div>\n<\/div>\n\n\n\n<div class=\"wp-block-column is-layout-flow wp-block-column-is-layout-flow\">\n<div class=\"wp-block-buttons is-horizontal is-content-justification-center is-layout-flex wp-container-core-buttons-layout-2 wp-block-buttons-is-layout-flex\">\n<div class=\"wp-block-button has-custom-font-size is-style-fill has-medium-font-size\"><a class=\"wp-block-button__link has-background wp-element-button\" href=\"https:\/\/sahrdaya-yoga.com\/index.php\/mathilde-penet-cours-yoga-super-studio-nice-liberation\/\" style=\"border-radius:50px;background-color:#fdb305\">Super Studio<\/a><\/div>\n<\/div>\n<\/div>\n\n\n\n<div class=\"wp-block-column is-layout-flow wp-block-column-is-layout-flow\">\n<div class=\"wp-block-buttons is-horizontal is-content-justification-center is-layout-flex wp-container-core-buttons-layout-3 wp-block-buttons-is-layout-flex\">\n<div class=\"wp-block-button has-custom-font-size has-medium-font-size\"><a class=\"wp-block-button__link has-background wp-element-button\" href=\"https:\/\/sahrdaya-yoga.com\/index.php\/mathilde-penet-cours-yoga-institut-yoga-iyengar-nice\/\" style=\"border-radius:50px;background-color:#fdb305\">Institut de Yoga Iyengar<\/a><\/div>\n<\/div>\n<\/div>\n\n\n\n<div class=\"wp-block-column is-layout-flow wp-block-column-is-layout-flow\">\n<div class=\"wp-block-buttons is-horizontal is-content-justification-center is-layout-flex wp-container-core-buttons-layout-4 wp-block-buttons-is-layout-flex\">\n<div class=\"wp-block-button has-custom-font-size is-style-fill has-medium-font-size\"><a class=\"wp-block-button__link has-background wp-element-button\" href=\"https:\/\/sahrdaya-yoga.com\/index.php\/mathilde-penet-cours-yoga-nice-liberation-gayoga\/\" style=\"background-color:#fdb305\">G\u00e4Yoga<\/a><\/div>\n<\/div>\n<\/div>\n<\/div>\n<\/div>\n<\/div>\n\n\n\n<p>         <\/p>\n\n\n\n<p>&nbsp;&nbsp;<\/p>\n\n\n<div class=\"wp-block-image\">\n<figure class=\"aligncenter size-large\"><img loading=\"lazy\" decoding=\"async\" width=\"1024\" height=\"724\" src=\"https:\/\/i0.wp.com\/sahrdaya-yoga.com\/wp-content\/uploads\/2026\/01\/2.png?resize=1024%2C724&#038;ssl=1\" alt=\"\" class=\"wp-image-1869\" srcset=\"https:\/\/i0.wp.com\/sahrdaya-yoga.com\/wp-content\/uploads\/2026\/01\/2.png?resize=1024%2C724&amp;ssl=1 1024w, https:\/\/i0.wp.com\/sahrdaya-yoga.com\/wp-content\/uploads\/2026\/01\/2.png?resize=300%2C212&amp;ssl=1 300w, https:\/\/i0.wp.com\/sahrdaya-yoga.com\/wp-content\/uploads\/2026\/01\/2.png?resize=768%2C543&amp;ssl=1 768w, https:\/\/i0.wp.com\/sahrdaya-yoga.com\/wp-content\/uploads\/2026\/01\/2.png?resize=1536%2C1086&amp;ssl=1 1536w, https:\/\/i0.wp.com\/sahrdaya-yoga.com\/wp-content\/uploads\/2026\/01\/2.png?w=2000&amp;ssl=1 2000w\" sizes=\"(max-width: 1024px) 100vw, 1024px\" data-recalc-dims=\"1\" \/><\/figure><\/div>\n\n\n<p>&nbsp;&nbsp;<\/p>\n\n\n\n<div class=\"wp-block-columns is-layout-flex wp-container-core-columns-layout-3 wp-block-columns-is-layout-flex\">\n<div class=\"wp-block-column is-layout-flow wp-block-column-is-layout-flow\">\n<figure class=\"wp-block-image size-full\"><a href=\"https:\/\/sahrdaya-yoga.com\/index.php\/stages-yoga-nice\/\"><img loading=\"lazy\" decoding=\"async\" width=\"1200\" height=\"1200\" src=\"https:\/\/i0.wp.com\/sahrdaya-yoga.com\/wp-content\/uploads\/2024\/04\/Yoga-Enfants.jpg?resize=1200%2C1200&#038;ssl=1\" alt=\"\" class=\"wp-image-1450\" srcset=\"https:\/\/i0.wp.com\/sahrdaya-yoga.com\/wp-content\/uploads\/2024\/04\/Yoga-Enfants.jpg?w=2160&amp;ssl=1 2160w, https:\/\/i0.wp.com\/sahrdaya-yoga.com\/wp-content\/uploads\/2024\/04\/Yoga-Enfants.jpg?resize=300%2C300&amp;ssl=1 300w, https:\/\/i0.wp.com\/sahrdaya-yoga.com\/wp-content\/uploads\/2024\/04\/Yoga-Enfants.jpg?resize=1024%2C1024&amp;ssl=1 1024w, https:\/\/i0.wp.com\/sahrdaya-yoga.com\/wp-content\/uploads\/2024\/04\/Yoga-Enfants.jpg?resize=150%2C150&amp;ssl=1 150w, https:\/\/i0.wp.com\/sahrdaya-yoga.com\/wp-content\/uploads\/2024\/04\/Yoga-Enfants.jpg?resize=768%2C768&amp;ssl=1 768w, https:\/\/i0.wp.com\/sahrdaya-yoga.com\/wp-content\/uploads\/2024\/04\/Yoga-Enfants.jpg?resize=1536%2C1536&amp;ssl=1 1536w, https:\/\/i0.wp.com\/sahrdaya-yoga.com\/wp-content\/uploads\/2024\/04\/Yoga-Enfants.jpg?resize=2048%2C2048&amp;ssl=1 2048w\" sizes=\"(max-width: 1200px) 100vw, 1200px\" data-recalc-dims=\"1\" \/><\/a><\/figure>\n<\/div>\n\n\n\n<div class=\"wp-block-column is-layout-flow wp-block-column-is-layout-flow\">\n<figure class=\"wp-block-image size-large\"><a href=\"https:\/\/sahrdaya-yoga.com\/index.php\/retraites\/\"><img loading=\"lazy\" decoding=\"async\" width=\"1024\" height=\"1024\" src=\"https:\/\/i0.wp.com\/sahrdaya-yoga.com\/wp-content\/uploads\/2024\/04\/Yoga-Enfants-1024x1024.png?resize=1024%2C1024&#038;ssl=1\" alt=\"\" class=\"wp-image-1448\" srcset=\"https:\/\/i0.wp.com\/sahrdaya-yoga.com\/wp-content\/uploads\/2024\/04\/Yoga-Enfants.png?resize=1024%2C1024&amp;ssl=1 1024w, https:\/\/i0.wp.com\/sahrdaya-yoga.com\/wp-content\/uploads\/2024\/04\/Yoga-Enfants.png?resize=300%2C300&amp;ssl=1 300w, https:\/\/i0.wp.com\/sahrdaya-yoga.com\/wp-content\/uploads\/2024\/04\/Yoga-Enfants.png?resize=150%2C150&amp;ssl=1 150w, https:\/\/i0.wp.com\/sahrdaya-yoga.com\/wp-content\/uploads\/2024\/04\/Yoga-Enfants.png?resize=768%2C768&amp;ssl=1 768w, https:\/\/i0.wp.com\/sahrdaya-yoga.com\/wp-content\/uploads\/2024\/04\/Yoga-Enfants.png?resize=1536%2C1536&amp;ssl=1 1536w, https:\/\/i0.wp.com\/sahrdaya-yoga.com\/wp-content\/uploads\/2024\/04\/Yoga-Enfants.png?resize=2048%2C2048&amp;ssl=1 2048w\" sizes=\"(max-width: 1024px) 100vw, 1024px\" data-recalc-dims=\"1\" \/><\/a><\/figure>\n<\/div>\n<\/div>\n\n\n\n<pre class=\"wp-block-preformatted\">A quoi ressemble une retraite de yoga avec Mathilde ?\n\n<a href=\"https:\/\/sahrdaya-yoga.com\/index.php\/retraite-yoga-immersion-ile-de-la-reunion\/\">Replongez en image dans le voyage de la derni\u00e8re retraite en immersion \u00e0 la R\u00e9union<\/a><\/pre>\n\n\n\n<div class=\"wp-block-group alignfull is-layout-flow wp-block-group-is-layout-flow\"><div class=\"wp-block-group__inner-container\"><div class=\"wp-block-image\">\n<figure class=\"aligncenter size-large\"><img loading=\"lazy\" decoding=\"async\" width=\"1024\" height=\"738\" src=\"https:\/\/i0.wp.com\/sahrdaya-yoga.com\/wp-content\/uploads\/2022\/08\/Mosaique-Mathilde.png?resize=1024%2C738&#038;ssl=1\" alt=\"\" class=\"wp-image-912\" srcset=\"https:\/\/i0.wp.com\/sahrdaya-yoga.com\/wp-content\/uploads\/2022\/08\/Mosaique-Mathilde.png?resize=1024%2C738&amp;ssl=1 1024w, https:\/\/i0.wp.com\/sahrdaya-yoga.com\/wp-content\/uploads\/2022\/08\/Mosaique-Mathilde.png?resize=300%2C216&amp;ssl=1 300w, https:\/\/i0.wp.com\/sahrdaya-yoga.com\/wp-content\/uploads\/2022\/08\/Mosaique-Mathilde.png?resize=768%2C554&amp;ssl=1 768w, https:\/\/i0.wp.com\/sahrdaya-yoga.com\/wp-content\/uploads\/2022\/08\/Mosaique-Mathilde.png?resize=1536%2C1107&amp;ssl=1 1536w, https:\/\/i0.wp.com\/sahrdaya-yoga.com\/wp-content\/uploads\/2022\/08\/Mosaique-Mathilde.png?resize=2048%2C1477&amp;ssl=1 2048w\" sizes=\"(max-width: 1024px) 100vw, 1024px\" data-recalc-dims=\"1\" \/><\/figure><\/div><\/div><\/div>\n\n\n\n<blockquote class=\"wp-block-quote has-text-align-center\">\n<p><strong>LE CORPS COMME MANDALA DE LA CONSCIENCE<\/strong><\/p>\n\n\n\n<p>\u00ab\u00a0Le corps est mon temple, les asanas sont mes pri\u00e8res. Chaque asana vous enseigne l&rsquo;art du silence. Chaque asana est libre. Diffusez cette libert\u00e9 partout.\u00a0\u00bb<\/p>\n<cite>B.K.S Iyengar<\/cite><\/blockquote>\n","protected":false},"excerpt":{"rendered":"<p>D\u00e9couvrez l&rsquo;art du yoga avec Mathilde Penet Chaque semaine : 4 lieux \u00e0 Nice &nbsp; &nbsp;&nbsp; &nbsp;&nbsp; A quoi ressemble une retraite de yoga avec Mathilde ? Replongez en image dans le voyage de la derni\u00e8re retraite en immersion \u00e0 la R\u00e9union LE CORPS COMME MANDALA DE LA CONSCIENCE \u00ab\u00a0Le corps est mon temple, les &#8230; <a title=\"\" class=\"read-more\" href=\"https:\/\/sahrdaya-yoga.com\/\" aria-label=\"En savoir plus sur \">Lire la suite<\/a><\/p>\n","protected":false},"author":1,"featured_media":0,"parent":0,"menu_order":0,"comment_status":"closed","ping_status":"open","template":"","meta":{"sfsi_plus_gutenberg_text_before_share":"","sfsi_plus_gutenberg_show_text_before_share":"","sfsi_plus_gutenberg_icon_type":"","sfsi_plus_gutenberg_icon_alignemt":"","sfsi_plus_gutenburg_max_per_row":"","footnotes":""},"yoast_head":"<!-- This site is optimized with the Yoast SEO plugin v21.8 - https:\/\/yoast.com\/wordpress\/plugins\/seo\/ -->\n<title>- Sahrdaya<\/title>\n<meta name=\"description\" content=\"D\u00e9couvrez l&#039;art du yoga avec Mathilde Penet. Cours collectifs et s\u00e9ances individuelles 4 lieux \u00e0 Nice : L\u2019Institut de Yoga Iyengar, le Super Studio, G\u00e4Yoga et l&#039;Energie du Souffle. Apprentissage par niveaux, progressif et accompagn\u00e9, pour \u00e9voluer \u00e0 votre propre rythme. Nice Centre \u2013 Nice Nord (Quartier Lib\u00e9ration et Riquier)\" \/>\n<meta name=\"robots\" content=\"index, follow, max-snippet:-1, max-image-preview:large, max-video-preview:-1\" \/>\n<link rel=\"canonical\" href=\"https:\/\/sahrdaya-yoga.com\/\" \/>\n<meta property=\"og:locale\" content=\"fr_FR\" \/>\n<meta property=\"og:type\" content=\"article\" \/>\n<meta property=\"og:title\" content=\"Sahrdaya Yoga : D\u00e9couvrez les cours et les stages propos\u00e9s \u00e0 Nice et \u00e0 la R\u00e9union\" \/>\n<meta property=\"og:description\" content=\"D\u00e9couvrez l&#039;art du yoga avec Mathilde Penet. Cours collectifs et s\u00e9ances individuelles 4 lieux \u00e0 Nice : L\u2019Institut de Yoga Iyengar, le Super Studio, G\u00e4Yoga et l&#039;Energie du Souffle. Apprentissage par niveaux, progressif et accompagn\u00e9, pour \u00e9voluer \u00e0 votre propre rythme. Nice Centre \u2013 Nice Nord (Quartier Lib\u00e9ration et Riquier)\" \/>\n<meta property=\"og:url\" content=\"https:\/\/sahrdaya-yoga.com\/\" \/>\n<meta property=\"og:site_name\" content=\"Sahrdaya\" \/>\n<meta property=\"article:publisher\" content=\"https:\/\/www.facebook.com\/sahrdayayogareunion\" \/>\n<meta property=\"article:modified_time\" content=\"2026-02-21T13:28:45+00:00\" \/>\n<meta property=\"og:image\" content=\"https:\/\/sahrdaya-yoga.com\/wp-content\/uploads\/2021\/10\/VisuelA.png\" \/>\n\t<meta property=\"og:image:width\" content=\"2464\" \/>\n\t<meta property=\"og:image:height\" content=\"2875\" \/>\n\t<meta property=\"og:image:type\" content=\"image\/png\" \/>\n<meta name=\"twitter:card\" content=\"summary_large_image\" \/>\n<meta name=\"twitter:label1\" content=\"Dur\u00e9e de lecture estim\u00e9e\" \/>\n\t<meta name=\"twitter:data1\" content=\"2 minutes\" \/>\n<script type=\"application\/ld+json\" class=\"yoast-schema-graph\">{\"@context\":\"https:\/\/schema.org\",\"@graph\":[{\"@type\":\"WebPage\",\"@id\":\"https:\/\/sahrdaya-yoga.com\/\",\"url\":\"https:\/\/sahrdaya-yoga.com\/\",\"name\":\"- Sahrdaya\",\"isPartOf\":{\"@id\":\"https:\/\/sahrdaya-yoga.com\/#website\"},\"datePublished\":\"2020-06-23T19:50:19+00:00\",\"dateModified\":\"2026-02-21T13:28:45+00:00\",\"description\":\"D\u00e9couvrez l'art du yoga avec Mathilde Penet. Cours collectifs et s\u00e9ances individuelles 4 lieux \u00e0 Nice : L\u2019Institut de Yoga Iyengar, le Super Studio, G\u00e4Yoga et l'Energie du Souffle. Apprentissage par niveaux, progressif et accompagn\u00e9, pour \u00e9voluer \u00e0 votre propre rythme. Nice Centre \u2013 Nice Nord (Quartier Lib\u00e9ration et Riquier)\",\"inLanguage\":\"fr-FR\",\"potentialAction\":[{\"@type\":\"ReadAction\",\"target\":[\"https:\/\/sahrdaya-yoga.com\/\"]}]},{\"@type\":\"WebSite\",\"@id\":\"https:\/\/sahrdaya-yoga.com\/#website\",\"url\":\"https:\/\/sahrdaya-yoga.com\/\",\"name\":\"Sahrdaya\",\"description\":\"COURS DE YOGA\",\"publisher\":{\"@id\":\"https:\/\/sahrdaya-yoga.com\/#organization\"},\"potentialAction\":[{\"@type\":\"SearchAction\",\"target\":{\"@type\":\"EntryPoint\",\"urlTemplate\":\"https:\/\/sahrdaya-yoga.com\/?s={search_term_string}\"},\"query-input\":\"required name=search_term_string\"}],\"inLanguage\":\"fr-FR\"},{\"@type\":\"Organization\",\"@id\":\"https:\/\/sahrdaya-yoga.com\/#organization\",\"name\":\"Sahrdaya Yoga R\u00e9union\",\"url\":\"https:\/\/sahrdaya-yoga.com\/\",\"logo\":{\"@type\":\"ImageObject\",\"inLanguage\":\"fr-FR\",\"@id\":\"https:\/\/sahrdaya-yoga.com\/#\/schema\/logo\/image\/\",\"url\":\"http:\/\/sahrdaya-yoga.com\/wp-content\/uploads\/2020\/08\/IMG-0.png\",\"contentUrl\":\"http:\/\/sahrdaya-yoga.com\/wp-content\/uploads\/2020\/08\/IMG-0.png\",\"width\":2208,\"height\":1908,\"caption\":\"Sahrdaya Yoga R\u00e9union\"},\"image\":{\"@id\":\"https:\/\/sahrdaya-yoga.com\/#\/schema\/logo\/image\/\"},\"sameAs\":[\"https:\/\/www.facebook.com\/sahrdayayogareunion\"]}]}<\/script>\n<!-- \/ Yoast SEO plugin. -->","yoast_head_json":{"title":"- Sahrdaya","description":"D\u00e9couvrez l'art du yoga avec Mathilde Penet. Cours collectifs et s\u00e9ances individuelles 4 lieux \u00e0 Nice : L\u2019Institut de Yoga Iyengar, le Super Studio, G\u00e4Yoga et l'Energie du Souffle. Apprentissage par niveaux, progressif et accompagn\u00e9, pour \u00e9voluer \u00e0 votre propre rythme. Nice Centre \u2013 Nice Nord (Quartier Lib\u00e9ration et Riquier)","robots":{"index":"index","follow":"follow","max-snippet":"max-snippet:-1","max-image-preview":"max-image-preview:large","max-video-preview":"max-video-preview:-1"},"canonical":"https:\/\/sahrdaya-yoga.com\/","og_locale":"fr_FR","og_type":"article","og_title":"Sahrdaya Yoga : D\u00e9couvrez les cours et les stages propos\u00e9s \u00e0 Nice et \u00e0 la R\u00e9union","og_description":"D\u00e9couvrez l'art du yoga avec Mathilde Penet. Cours collectifs et s\u00e9ances individuelles 4 lieux \u00e0 Nice : L\u2019Institut de Yoga Iyengar, le Super Studio, G\u00e4Yoga et l'Energie du Souffle. Apprentissage par niveaux, progressif et accompagn\u00e9, pour \u00e9voluer \u00e0 votre propre rythme. Nice Centre \u2013 Nice Nord (Quartier Lib\u00e9ration et Riquier)","og_url":"https:\/\/sahrdaya-yoga.com\/","og_site_name":"Sahrdaya","article_publisher":"https:\/\/www.facebook.com\/sahrdayayogareunion","article_modified_time":"2026-02-21T13:28:45+00:00","og_image":[{"width":2464,"height":2875,"url":"https:\/\/sahrdaya-yoga.com\/wp-content\/uploads\/2021\/10\/VisuelA.png","type":"image\/png"}],"twitter_card":"summary_large_image","twitter_misc":{"Dur\u00e9e de lecture estim\u00e9e":"2 minutes"},"schema":{"@context":"https:\/\/schema.org","@graph":[{"@type":"WebPage","@id":"https:\/\/sahrdaya-yoga.com\/","url":"https:\/\/sahrdaya-yoga.com\/","name":"- Sahrdaya","isPartOf":{"@id":"https:\/\/sahrdaya-yoga.com\/#website"},"datePublished":"2020-06-23T19:50:19+00:00","dateModified":"2026-02-21T13:28:45+00:00","description":"D\u00e9couvrez l'art du yoga avec Mathilde Penet. Cours collectifs et s\u00e9ances individuelles 4 lieux \u00e0 Nice : L\u2019Institut de Yoga Iyengar, le Super Studio, G\u00e4Yoga et l'Energie du Souffle. Apprentissage par niveaux, progressif et accompagn\u00e9, pour \u00e9voluer \u00e0 votre propre rythme. Nice Centre \u2013 Nice Nord (Quartier Lib\u00e9ration et Riquier)","inLanguage":"fr-FR","potentialAction":[{"@type":"ReadAction","target":["https:\/\/sahrdaya-yoga.com\/"]}]},{"@type":"WebSite","@id":"https:\/\/sahrdaya-yoga.com\/#website","url":"https:\/\/sahrdaya-yoga.com\/","name":"Sahrdaya","description":"COURS DE YOGA","publisher":{"@id":"https:\/\/sahrdaya-yoga.com\/#organization"},"potentialAction":[{"@type":"SearchAction","target":{"@type":"EntryPoint","urlTemplate":"https:\/\/sahrdaya-yoga.com\/?s={search_term_string}"},"query-input":"required name=search_term_string"}],"inLanguage":"fr-FR"},{"@type":"Organization","@id":"https:\/\/sahrdaya-yoga.com\/#organization","name":"Sahrdaya Yoga R\u00e9union","url":"https:\/\/sahrdaya-yoga.com\/","logo":{"@type":"ImageObject","inLanguage":"fr-FR","@id":"https:\/\/sahrdaya-yoga.com\/#\/schema\/logo\/image\/","url":"http:\/\/sahrdaya-yoga.com\/wp-content\/uploads\/2020\/08\/IMG-0.png","contentUrl":"http:\/\/sahrdaya-yoga.com\/wp-content\/uploads\/2020\/08\/IMG-0.png","width":2208,"height":1908,"caption":"Sahrdaya Yoga R\u00e9union"},"image":{"@id":"https:\/\/sahrdaya-yoga.com\/#\/schema\/logo\/image\/"},"sameAs":["https:\/\/www.facebook.com\/sahrdayayogareunion"]}]}},"jetpack_sharing_enabled":true,"_links":{"self":[{"href":"https:\/\/sahrdaya-yoga.com\/index.php\/wp-json\/wp\/v2\/pages\/2"}],"collection":[{"href":"https:\/\/sahrdaya-yoga.com\/index.php\/wp-json\/wp\/v2\/pages"}],"about":[{"href":"https:\/\/sahrdaya-yoga.com\/index.php\/wp-json\/wp\/v2\/types\/page"}],"author":[{"embeddable":true,"href":"https:\/\/sahrdaya-yoga.com\/index.php\/wp-json\/wp\/v2\/users\/1"}],"replies":[{"embeddable":true,"href":"https:\/\/sahrdaya-yoga.com\/index.php\/wp-json\/wp\/v2\/comments?post=2"}],"version-history":[{"count":135,"href":"https:\/\/sahrdaya-yoga.com\/index.php\/wp-json\/wp\/v2\/pages\/2\/revisions"}],"predecessor-version":[{"id":1960,"href":"https:\/\/sahrdaya-yoga.com\/index.php\/wp-json\/wp\/v2\/pages\/2\/revisions\/1960"}],"wp:attachment":[{"href":"https:\/\/sahrdaya-yoga.com\/index.php\/wp-json\/wp\/v2\/media?parent=2"}],"curies":[{"name":"wp","href":"https:\/\/api.w.org\/{rel}","templated":true}]}}